- 34. Suppose -n*m + 4*m = -44346. Suppose -6*r - 1565 = -m. Is r a composite number?
False
Let p be 7 - 15/10*20/15. Suppose -p*t = -l + 2467 + 1755, 5*l = -4*t + 21197. Is l a prime number?
False
Let f be 1 - -3 - (3 + 7). Let j(c) = 2*c**2 - 15*c - 10. Let i be j(f). Suppose -i*t + 153*t = 749. Is t prime?
False
Suppose -44*h - 1 = -45*h. Let x be 5 - (4/(-4) + h). Suppose 0*v = x*j + 3*v - 2656, 0 = -j + 5*v + 548. Is j a prime number?
False
Let k(f) = -81548*f**3 + 2*f**2 - 18*f + 13. Is k(-3) prime?
False
Suppose -44*r - 6*r = -822050. Is r prime?
False
Let n(h) = 96*h**2 - 25*h + 1292. Is n(21) a prime number?
True
Suppose 494254 = 327*p - 5234459. Is p a prime number?
True
Let q(v) = -12007*v - 4. Let x be q(-2). Suppose h + 15 = 20, -3*z = -h - x. Is z a prime number?
False
Suppose 0 = 4*n + 2*m + 14, 2*m + 2 - 3 = n. Let g be (-417)/(-3*(-1)/n). Suppose 4*c + c = -f + g, 2*c = 5*f + 156. Is c composite?
False
Let a = -12707 + 8868. Let b = -912 - a. Is b composite?
False
Let h(j) = 108*j + 299. Let l(g) = -g**3 + 12*g**2 - 12*g + 50. Let k be l(11). Is h(k) a composite number?
True
Let k(j) = -1570*j - 2629. Is k(-49) prime?
False
Let o = -2135 + 14794. Is o a prime number?
True
Let u(r) = 79*r**2 - 15*r - 177. Is u(-55) prime?
True
Let t(p) = 6*p - p + 85 - p. Let m be t(-22). Is 2/(-16)*m - (-52372)/32 prime?
True
Is (-2)/4 - (-5983428)/88 composite?
False
Suppose -11*a + 35 + 64 = 0. Suppose -a*j + 4516 = -6887. Is j a prime number?
False
Let f = -107 + 110. Let m be 320/(-24)*9/f. Is ((-22530)/m)/(2/8) a composite number?
True
Let u(z) = 62*z + 10. Let d be u(9). Is 11350/(-20)*d/(-20) composite?
True
Is 6/(-9) - (-2290905)/135 prime?
False
Suppose -5*n = -4*v - 65, -2*n = 4*v - 0*v - 54. Let q(r) = -2*r**2 + 35*r - 15. Let o be q(n). Let l(i) = 894*i**2 + 6*i - 17. Is l(o) prime?
True
Is (-70 + 68)/(4/(-134042)) a prime number?
True
Let i be (-12)/(-8)*(-8)/(-6). Suppose 3*k - i*k = 4*m - 50, 2*m - k = 26. Suppose -m*x + 4*x = -2384. Is x a composite number?
True
Suppose -9*w - 978430 = -8466997. Is w prime?
True
Let m be (-14 + 8)*(-739)/2. Let s be 240/120*(-5)/2*-1. Suppose -m = -s*k + 2828. Is k prime?
True
Suppose 37*g - 558936 = 33027. Is g composite?
True
Suppose p = 2*p + 2*x + 2, 0 = -5*p - 3*x + 4. Suppose 0 = -4*d - v + 36, 0*d - p*d = 5*v. Suppose d*t + 1076 = 14*t. Is t composite?
False
Let o(z) = 31233 + 12*z - 31216 + 13*z**2 + 5*z**2. Suppose 0*p - 27 = -4*a - 3*p, -3*p - 27 = -5*a. Is o(a) a composite number?
True
Suppose 8*t = 5*s - 2943 + 192531, -71087 = -3*t + 4*s. Is t a prime number?
False
Let n = 227146 + -39213. Is n a composite number?
True
Suppose -16 = 6*t - 4*t + 4*g, 10 = -5*t - 4*g. Suppose -t*q - 2*o + 16 = 0, -23 = -4*q - 5*o + 11. Is q/(-2) + 185 - 1 a composite number?
False
Is (-1 - (1/5 + -1)) + 448572/10 a prime number?
False
Suppose 0*y - 3*y = -13185. Let i = -6502 + 6517. Suppose i*q = 10*q + y. Is q a prime number?
False
Let i = -32322 - -59390. Suppose 0 = -5*v + 5*l + 33835, -2*v = 2*v + 4*l - i. Is v a prime number?
False
Suppose 5*g - 4 = 2*n - 38, 0 = 2*n + 2*g - 6. Suppose 0 = n*r - 2153 - 5414. Is r composite?
True
Let o(d) = 584*d + 29. Let n(f) = -f**3 + 3*f**2 + 2*f + 5. Let b be n(0). Is o(b) prime?
False
Suppose 0 = -4*l + 7*l - 549. Let v be (12/18)/(2/l). Suppose -3261 = -64*j + v*j. Is j prime?
True
Suppose 150066 + 212988 = 6*n. Is n a prime number?
True
Let p = -204 + 205. Is -1 - (-6 - 2328*p) prime?
True
Suppose 5*j = 4*l + 8*j - 370456, 0 = 5*j - 20. Is l prime?
False
Let h(u) = -u**3 - 7*u**2 - 14*u - 2. Let i be h(-3). Suppose g + 2*g + l = 9116, i*g + l = 12153. Is g a composite number?
False
Suppose 4*v - 117523 = -3*m, -40 = 2*m - 34. Is v a prime number?
True
Let t(g) = 3*g - 20. Let x be t(4). Let h be x/12*(2 + (-26)/4). Suppose -2*j + 5178 = 2*r - 0*r, h*r = -4*j + 10358. Is j a prime number?
True
Is 173337/114*(0 + 14) composite?
True
Let h = -105417 - -155138. Is h a composite number?
True
Suppose -3*r + 12918 = o, -64647 = -4*o - o + 4*r. Let t = o - 4780. Is t prime?
True
Let z = 408 + -452. Is z/(-264)*(277805 + 1) a composite number?
False
Let q(l) = 2*l**3 - 8*l**2 - 150*l + 1009. Is q(73) a prime number?
False
Suppose -17*b - 12534 = -47333 - 45152. Is b a composite number?
False
Suppose 2*t + t + 5*s = 23321, 0 = 4*t - 2*s - 31112. Let o = 18294 - t. Is o a prime number?
False
Suppose y + 14314 = 5*s - 15455, 5*y - 11886 = -2*s. Is s prime?
True
Is (6/(54/(-9))*-394453)/1 a prime number?
True
Let b = -93086 + 222639. Is b a prime number?
True
Let c be (1/((-3)/(-2)))/(41/246). Suppose -c*b + 36692 = -2*j, 11*j + 45865 = 5*b + 7*j. Is b a prime number?
True
Let h(o) = -5807*o + 47. Let k(i) = -i - 4. Let a(u) = h(u) + k(u). Is a(-3) prime?
True
Is (-1)/((-1)/193334) + (-1758)/(-586) composite?
False
Suppose 0 = 249*s - 294*s + 1286325. Is s prime?
False
Suppose 110*w - 11590393 = 31292997. Is w prime?
True
Let w(t) = -6*t**2 - 1 + 11 - 12*t - 3*t - 5*t. Let v be w(15). Let m = -718 - v. Is m a composite number?
True
Let p be (8 + 1 - 3) + -1. Let o(w) = p*w + 1 + 20*w**2 + 197*w**2 + 2 - 2. Is o(-2) a composite number?
False
Let r(v) = -185829*v - 673. Is r(-2) composite?
True
Let s = 3794538 - 2013965. Is s a composite number?
False
Let m(p) = -2*p + 804. Let q be m(0). Let z = q - 419. Suppose 7*l - z = 2*l. Is l a composite number?
True
Suppose 4 = -2*f + 2*c - 0, 0 = 4*f - 3*c + 8. Let l be (-2868)/(13/(-6) - f/3). Let s = l - 551. Is s a prime number?
True
Suppose -5*z - 2*o = -8*z + 3483, -2*z - 3*o = -2309. Suppose 2*d - z = -5*r + 2024, 3*r + 5*d - 1925 = 0. Is r composite?
True
Let b(j) = 497487*j**3 + 16*j**2 + 9*j - 11. Is b(1) a prime number?
True
Suppose -4*t - 2*t = 12. Let q be ((-6)/9)/(t/36). Suppose -5*w - 3*i = -4870, -13*w + i = -q*w - 966. Is w a composite number?
False
Let t(b) = 1013*b - 50. Let i be t(4). Let n = i + -1411. Is n composite?
False
Let n(o) = -2*o**3 - 5*o**2 + 3*o - 4. Let g be n(4). Let p = g + -45. Let y = 580 + p. Is y composite?
True
Suppose -7*c + 6*c + 15 = 5*m, 0 = 4*m + 2*c - 12. Suppose -3*a + 9792 = -3*n, 17*a - m*n = 21*a - 13091. Is a a composite number?
True
Suppose 0 = t - 4*k - 17, -43 = -t - 2*t + 4*k. Let u be t/(325/40)*(-770)/(-4). Suppose 2*s + 2*p = 298, -4*s + 5*p + 252 = -u. Is s composite?
True
Suppose 5*f = 4*l + 23, -2*f + 3*f = 4*l + 11. Suppose 12*v - 11071 = -f*t + 13*v, v + 14762 = 4*t. Is t prime?
True
Suppose -995941 - 62912 - 45111 = -12*c. Is c a composite number?
False
Let c(z) = 585*z + 293. Let w be c(12). Suppose 3*h + 2*b - 5913 = 0, 4*h + 3*b - 570 = w. Is h a prime number?
True
Is 124941*2*((-187)/(-66))/17 composite?
False
Let h(n) = -159*n - 7. Suppose l + 5*t + 11 = -1, -4*t - 24 = -4*l. Suppose 2*s = -5*c - 20, 5*s + 28 = l. Is h(c) a composite number?
False
Suppose 12465464 = -220*r + 108795683 - 1960999. Is r a composite number?
False
Let f(n) = -82*n**3 - 3*n**2 + 6*n - 2. Let z be f(-5). Suppose z = 5*c + s + s, 3*s = 12. Is c prime?
True
Suppose 0 = -11*t - 4*t + 615. Let y = 39 - t. Is y/(-3)*7164/8 composite?
True
Suppose -3*v + 7*v + 1076 = 0. Let f = 10 + v. Let u = f + 998. Is u composite?
False
Let f(j) = -31*j - 23. Suppose 4*c = q - 1, -3*c = q - c - 7. Suppose 4*h - p = -3*p - 30, 4*h - q*p = -23. Is f(h) composite?
True
Let o(s) = -s**3 + 10*s**2 - 8*s - 2. Let m be o(9). Suppose 0 = -m*u - 5042 - 3421. Let i = -720 - u. Is i a prime number?
False
Let u = 6996 - -22399. Is u composite?
True
Let p(i) = 211*i**2 - 6*i - 10. Let z be p(-12). Suppose z = 6*n + 2252. Is n a prime number?
False
Let r(c) = 5*c**2 - c - 34. Let a be r(22). Suppose 5*f = 2491 + a. Is f a composite number?
False
Suppose 11918 + 31816 = 2*p - 5*d, -5*d = 10. Suppose 2*x + x = 3*v + 32793, 2*x - v = p. Is x a prime number?
False
Is (13 - 17) + ((-90)/72 - (-2829410)/8) composite?
True
Is (2 - 1)*(485469 - -14) composite?
True
Let k(b) = 77667*b**2 - 7*b - 1. Is k(3) composite?
True
Suppose -66*d + 69*d + 137468 = p, -4*d + 12 = 0. Is p a composite number?
False
Suppose -491762974 = -165*o - 282*o - 157360933. Is o a prime number?
False
Let y(k) = k**3 - 8*k**2 + 15*k - 6. Let f be y(5). Is 2/(f*5/(-1106610)*2) prime?
True
Let j(a) = 15*a**2 - 21*a + 1. Let y be j(-13). Suppose 